{"id":20,"date":"2009-11-14T00:07:20","date_gmt":"2009-11-13T23:07:20","guid":{"rendered":"http:\/\/teaterrut.se\/?page_id=20"},"modified":"2023-07-07T08:23:12","modified_gmt":"2023-07-07T07:23:12","slug":"sponsorer","status":"publish","type":"page","link":"https:\/\/teaterrut.se\/?page_id=20","title":{"rendered":"Sponsorer"},"content":{"rendered":"\n<div class=\"wp-block-stackable-image alignfull stk-block-image stk-block stk-d39d971\" data-block-id=\"d39d971\"><style>.stk-d39d971{align-items:center !important;padding-top:0px !important;padding-right:0px !important;padding-bottom:0px !important;padding-left:0px !important;margin-bottom:-200px !important;display:flex !important;overflow:scroll !important}.stk-d39d971 .stk-img-wrapper{height:640px !important}.stk-d39d971 .stk-img-wrapper img{object-position:50% 21% !important}<\/style><figure class=\"stk-img-wrapper stk-image--shape-stretch\"><img loading=\"lazy\" decoding=\"async\" class=\"stk-img wp-image-1579\" src=\"https:\/\/teaterrut.se\/wp-content\/uploads\/Produktioner.jpg\" width=\"2560\" height=\"1700\" srcset=\"https:\/\/teaterrut.se\/wp-content\/uploads\/Produktioner.jpg 2560w, https:\/\/teaterrut.se\/wp-content\/uploads\/Produktioner-450x299.jpg 450w, https:\/\/teaterrut.se\/wp-content\/uploads\/Produktioner-1024x680.jpg 1024w, https:\/\/teaterrut.se\/wp-content\/uploads\/Produktioner-190x126.jpg 190w, https:\/\/teaterrut.se\/wp-content\/uploads\/Produktioner-768x510.jpg 768w, https:\/\/teaterrut.se\/wp-content\/uploads\/Produktioner-1536x1020.jpg 1536w, https:\/\/teaterrut.se\/wp-content\/uploads\/Produktioner-2048x1360.jpg 2048w\" sizes=\"(max-width: 2560px) 100vw, 2560px\" \/><\/figure><\/div>\n\n\n\n<div class=\"wp-block-stackable-separator alignfull stk-block-separator stk--no-padding stk-block stk-40770c1\" data-block-id=\"40770c1\"><style>.stk-40770c1{border-radius:0px !important;overflow:hidden !important;margin-bottom:0px !important;z-index:6 !important}.stk-40770c1 svg{fill:var(--paletteColor8,#ffffff) !important;filter:drop-shadow(0px -20px 20px rgba(0,0,0,0.5)) !important}.stk-40770c1 .stk-block-separator__inner{transform:scaleX(1) !important;height:200px !important}<\/style><div class=\"stk-block-separator__inner\"><svg xmlns=\"http:\/\/www.w3.org\/2000\/svg\" viewBox=\"0 0 1600 200\" class=\"stk-separator__layer-1\" preserveAspectRatio=\"none\" aria-hidden=\"true\"><path class=\"wave-1_svg__st2\" d=\"M1341.4 48.9c-182.4 0-254.2 80.4-429.4 80.4-117.8 0-209.7-67.5-393.5-67.5-142.2 0-212.6 38.8-324.6 38.8S-10 64.7-10 64.7V210h1620V102c-110.6-40.2-181-53.1-268.6-53.1z\"><\/path><\/svg><\/div><\/div>\n\n\n\n<div class=\"wp-block-stackable-heading stk-block-heading stk-block-heading--v2 stk-block stk-fa34e4a\" id=\"valkommen-till-rimbo-ungdoms-teaterforening\" data-block-id=\"fa34e4a\"><style>.stk-fa34e4a{padding-top:0px !important;padding-right:0px !important;padding-bottom:0px !important;padding-left:0px !important;margin-left:30px !important}.stk-fa34e4a .stk-block-heading__text{line-height:2em !important;font-family:\"Albert Sans\",Sans-serif !important}.stk-fa34e4a .stk-block-heading__top-line{width:100px !important;background-color:var(--paletteColor4,#2c3e50) !important;margin-left:0 !important;margin-right:auto !important}.stk-fa34e4a .stk-block-heading__bottom-line{width:100px !important;background-color:var(--paletteColor4,#2c3e50) !important;margin-right:auto !important}<\/style><div class=\"stk-block-heading__top-line\"><\/div><h2 class=\"stk-block-heading__text\">Sponsorer<\/h2><div class=\"stk-block-heading__bottom-line\"><\/div><\/div>\n\n\n\n<div class=\"wp-block-stackable-columns stk-block-columns stk-block stk-b60683e\" data-block-id=\"b60683e\"><div class=\"stk-row stk-inner-blocks stk-block-content stk-content-align stk-b60683e-column\">\n<div class=\"wp-block-stackable-column stk-block-column stk-column stk-block stk-441f282\" data-v=\"4\" data-block-id=\"441f282\"><style>.stk-441f282-container{margin-top:30px !important;margin-right:30px !important;margin-bottom:30px !important;margin-left:30px !important}<\/style><div class=\"stk-column-wrapper stk-block-column__content stk-container stk-441f282-container stk--no-background stk--no-padding\"><div class=\"has-text-align-center stk-block-content stk-inner-blocks stk-441f282-inner-blocks\">\n<p class=\"has-text-align-left\">Vi vill ge ett stort tack till alla v\u00e5ra sponsorer och samarbetspartners f\u00f6r all hj\u00e4lp!<\/p>\n\n\n\n<p class=\"has-text-align-left\">Saknar du dig\/er p\u00e5 listan nedanf\u00f6r? Skicka d\u00e5 ett mail till oss s\u00e5 ska vi l\u00f6sa det, adressen ser du h\u00e4r under:<br>info(at)teaterrut.se<\/p>\n\n\n\n<p class=\"has-text-align-left\">OBS! N\u00e4r du skickar ditt mail till oss s\u00e5 skriver du e-postadressen med ett vanligt @ ist\u00e4llet f\u00f6r (at) som det st\u00e5r ovanf\u00f6r. Vi har skrivit e-postadressen med (at) f\u00f6r att vi ska undvika att f\u00e5 SPAM.<\/p>\n\n\n\n<div class=\"wp-block-stackable-heading stk-block-heading stk-block-heading--v2 stk-block stk-febde2d\" id=\"tack-till\" data-block-id=\"febde2d\"><h2 class=\"stk-block-heading__text\">Tack till:<\/h2><\/div>\n\n\n\n<div class=\"wp-block-stackable-image aligncenter stk-block-image stk-block stk-738c51c\" data-block-id=\"738c51c\"><style>.stk-738c51c .stk-img-wrapper{width:20% !important}<\/style><figure class=\"stk-img-wrapper stk-image--shape-stretch\"><img loading=\"lazy\" decoding=\"async\" class=\"stk-img wp-image-1124\" src=\"https:\/\/teaterrut.se\/wp-content\/uploads\/ICA-supermarket.gif\" width=\"159\" height=\"68\" alt=\"ICA Supermarket Rimbo\"\/><\/figure><\/div>\n\n\n\n<div class=\"wp-block-stackable-text stk-block-text stk-block stk-47a302f\" data-block-id=\"47a302f\"><p class=\"stk-block-text__text\"><a href=\"http:\/\/www.ica.se\/rimbo\" target=\"_blank\" rel=\"noreferrer noopener\">ICA Supermarket Rimbo<\/a><\/p><\/div>\n\n\n\n<div class=\"wp-block-stackable-image stk-block-image stk-block stk-ae844e5\" data-block-id=\"ae844e5\"><style>.stk-ae844e5 .stk-img-wrapper{width:12% !important}<\/style><figure class=\"stk-img-wrapper stk-image--shape-stretch\"><img loading=\"lazy\" decoding=\"async\" class=\"stk-img wp-image-1122\" src=\"https:\/\/teaterrut.se\/wp-content\/uploads\/ATR.jpg\" width=\"136\" height=\"114\" alt=\"ATR, Amat\u00f6rteaterns Riksf\u00f6rbund\"\/><\/figure><\/div>\n\n\n\n<div class=\"wp-block-stackable-text stk-block-text stk-block stk-eb6df2b\" data-block-id=\"eb6df2b\"><p class=\"stk-block-text__text\"><a rel=\"noreferrer noopener\" href=\"http:\/\/www.atr.nu\/\" target=\"_blank\">ATR, Amat\u00f6rteaterns Riksf\u00f6rbund<\/a><\/p><\/div>\n\n\n\n<div class=\"wp-block-stackable-image stk-block-image stk-block stk-09ca907\" data-block-id=\"09ca907\"><style>.stk-09ca907 .stk-img-wrapper{width:20% !important}<\/style><figure class=\"stk-img-wrapper stk-image--shape-stretch\"><img loading=\"lazy\" decoding=\"async\" class=\"stk-img wp-image-1125\" src=\"https:\/\/teaterrut.se\/wp-content\/uploads\/Kommun-ny-H\u00f6.jpg\" width=\"260\" height=\"96\" srcset=\"https:\/\/teaterrut.se\/wp-content\/uploads\/Kommun-ny-H\u00f6.jpg 260w, https:\/\/teaterrut.se\/wp-content\/uploads\/Kommun-ny-H\u00f6-190x70.jpg 190w\" sizes=\"(max-width: 260px) 100vw, 260px\" \/><\/figure><\/div>\n\n\n\n<div class=\"wp-block-stackable-text stk-block-text stk-block stk-60b5a28\" data-block-id=\"60b5a28\"><p class=\"stk-block-text__text\"><a rel=\"noreferrer noopener\" href=\"http:\/\/www.norrtalje.se\/\" target=\"_blank\">Norrt\u00e4lje Kommun, Kultur &amp; Fritidsf\u00f6rvaltningen<\/a><\/p><\/div>\n\n\n\n<div class=\"wp-block-stackable-image stk-block-image stk-block stk-6b4a019\" data-block-id=\"6b4a019\"><style>.stk-6b4a019 .stk-img-wrapper{width:12% !important}<\/style><figure class=\"stk-img-wrapper stk-image--shape-stretch\"><img loading=\"lazy\" decoding=\"async\" class=\"stk-img wp-image-1149\" src=\"https:\/\/teaterrut.se\/wp-content\/uploads\/Viby-Friskola.png\" width=\"139\" height=\"97\" alt=\"Viby Friskola\"\/><\/figure><\/div>\n\n\n\n<div class=\"wp-block-stackable-text stk-block-text stk-block stk-e35d6b7\" data-block-id=\"e35d6b7\"><p class=\"stk-block-text__text\"><a rel=\"noreferrer noopener\" href=\"http:\/\/www.vibyfriskola.se\/\" target=\"_blank\">Viby Friskola<\/a><\/p><\/div>\n\n\n\n<div class=\"wp-block-stackable-image stk-block-image stk-block stk-ba4571b\" data-block-id=\"ba4571b\"><style>.stk-ba4571b .stk-img-wrapper{width:20% !important}<\/style><figure class=\"stk-img-wrapper stk-image--shape-stretch\"><img loading=\"lazy\" decoding=\"async\" class=\"stk-img wp-image-1151\" src=\"https:\/\/teaterrut.se\/wp-content\/uploads\/E60.jpg\" width=\"331\" height=\"126\" alt=\"E60 Elkonsult\" srcset=\"https:\/\/teaterrut.se\/wp-content\/uploads\/E60.jpg 331w, https:\/\/teaterrut.se\/wp-content\/uploads\/E60-190x72.jpg 190w\" sizes=\"(max-width: 331px) 100vw, 331px\" \/><\/figure><\/div>\n\n\n\n<div class=\"wp-block-stackable-text stk-block-text stk-block stk-c8809b8\" data-block-id=\"c8809b8\"><p class=\"stk-block-text__text\"><a rel=\"noreferrer noopener\" href=\"http:\/\/www.e60.se\/\" target=\"_blank\">E60 Elkonsult<\/a><\/p><\/div>\n\n\n\n<div class=\"wp-block-stackable-image stk-block-image stk-block stk-e07b6c4\" data-block-id=\"e07b6c4\"><style>.stk-e07b6c4 .stk-img-wrapper{width:16% !important}<\/style><figure class=\"stk-img-wrapper stk-image--shape-stretch\"><img loading=\"lazy\" decoding=\"async\" class=\"stk-img wp-image-1127\" src=\"https:\/\/teaterrut.se\/wp-content\/uploads\/LionLogo4c.jpeg\" width=\"518\" height=\"484\" alt=\"Lions\" srcset=\"https:\/\/teaterrut.se\/wp-content\/uploads\/LionLogo4c.jpeg 518w, https:\/\/teaterrut.se\/wp-content\/uploads\/LionLogo4c-190x178.jpeg 190w, https:\/\/teaterrut.se\/wp-content\/uploads\/LionLogo4c-450x420.jpeg 450w\" sizes=\"(max-width: 518px) 100vw, 518px\" \/><\/figure><\/div>\n\n\n\n<div class=\"wp-block-stackable-text stk-block-text stk-block stk-53ffb5a\" data-block-id=\"53ffb5a\"><p class=\"stk-block-text__text\"><a rel=\"noreferrer noopener\" href=\"http:\/\/e-clubhouse.org\/sites\/rimbo_se\/\" target=\"_blank\">Lions Club Rimbo<\/a><\/p><\/div>\n\n\n\n<div class=\"wp-block-stackable-image stk-block-image stk-block stk-5378385\" data-block-id=\"5378385\"><style>.stk-5378385 .stk-img-wrapper{width:18% !important}<\/style><figure class=\"stk-img-wrapper stk-image--shape-stretch\"><img loading=\"lazy\" decoding=\"async\" class=\"stk-img wp-image-1126\" src=\"https:\/\/teaterrut.se\/wp-content\/uploads\/kultursparken.jpg\" width=\"187\" height=\"63\" alt=\"Kultursparken\"\/><\/figure><\/div>\n\n\n\n<div class=\"wp-block-stackable-text stk-block-text stk-block stk-39db139\" data-block-id=\"39db139\"><p class=\"stk-block-text__text\">Kultursparken<\/p><\/div>\n\n\n\n<div class=\"wp-block-stackable-image stk-block-image stk-block stk-f0c6e54\" data-block-id=\"f0c6e54\"><style>.stk-f0c6e54 .stk-img-wrapper{width:16% !important}<\/style><figure class=\"stk-img-wrapper stk-image--shape-stretch\"><img loading=\"lazy\" decoding=\"async\" class=\"stk-img wp-image-1155\" src=\"https:\/\/teaterrut.se\/wp-content\/uploads\/ABF.jpg\" width=\"801\" height=\"1352\" alt=\"ABF Norrt\u00e4lje\" srcset=\"https:\/\/teaterrut.se\/wp-content\/uploads\/ABF.jpg 801w, https:\/\/teaterrut.se\/wp-content\/uploads\/ABF-190x321.jpg 190w, https:\/\/teaterrut.se\/wp-content\/uploads\/ABF-450x760.jpg 450w, https:\/\/teaterrut.se\/wp-content\/uploads\/ABF-768x1296.jpg 768w, https:\/\/teaterrut.se\/wp-content\/uploads\/ABF-607x1024.jpg 607w\" sizes=\"(max-width: 801px) 100vw, 801px\" \/><\/figure><\/div>\n\n\n\n<div class=\"wp-block-stackable-text stk-block-text stk-block stk-2d84ebe\" data-block-id=\"2d84ebe\"><p class=\"stk-block-text__text\"><a rel=\"noreferrer noopener\" href=\"http:\/\/www.abf.se\/\" target=\"_blank\">ABF Norrt\u00e4lje<\/a><\/p><\/div>\n\n\n\n<div class=\"wp-block-stackable-image stk-block-image stk-block stk-975e718\" data-block-id=\"975e718\"><style>.stk-975e718 .stk-img-wrapper{width:18% !important}<\/style><figure class=\"stk-img-wrapper stk-image--shape-stretch\"><img loading=\"lazy\" decoding=\"async\" class=\"stk-img wp-image-1146\" src=\"https:\/\/teaterrut.se\/wp-content\/uploads\/RSS.jpg\" width=\"192\" height=\"233\" alt=\"Roslagens Sparbanks Stiftelser\" srcset=\"https:\/\/teaterrut.se\/wp-content\/uploads\/RSS.jpg 192w, https:\/\/teaterrut.se\/wp-content\/uploads\/RSS-190x231.jpg 190w\" sizes=\"(max-width: 192px) 100vw, 192px\" \/><\/figure><\/div>\n\n\n\n<div class=\"wp-block-stackable-text stk-block-text stk-block stk-48c2e3d\" data-block-id=\"48c2e3d\"><p class=\"stk-block-text__text\"><a rel=\"noreferrer noopener\" href=\"https:\/\/www.roslagenssparbank.se\/hallbarhet-samhallsnytta\/stiftelser\/\" target=\"_blank\">Roslagens Sparbanks Stiftelser<\/a><\/p><\/div>\n\n\n\n<div class=\"wp-block-stackable-image stk-block-image stk-block stk-adafe25\" data-block-id=\"adafe25\"><style>.stk-adafe25 .stk-img-wrapper{width:20% !important}<\/style><figure class=\"stk-img-wrapper stk-image--shape-stretch\"><img loading=\"lazy\" decoding=\"async\" class=\"stk-img wp-image-1150\" src=\"https:\/\/teaterrut.se\/wp-content\/uploads\/Visit-Roslagen.jpg\" width=\"243\" height=\"75\" alt=\"Visit Roslagen\" srcset=\"https:\/\/teaterrut.se\/wp-content\/uploads\/Visit-Roslagen.jpg 243w, https:\/\/teaterrut.se\/wp-content\/uploads\/Visit-Roslagen-190x59.jpg 190w\" sizes=\"(max-width: 243px) 100vw, 243px\" \/><\/figure><\/div>\n\n\n\n<div class=\"wp-block-stackable-text stk-block-text stk-block stk-f673c33\" data-block-id=\"f673c33\"><p class=\"stk-block-text__text\"><a rel=\"noreferrer noopener\" href=\"http:\/\/www.svetur.se\/sv\/roslagen\/\" target=\"_blank\">Visit Roslagen<\/a><a rel=\"noreferrer noopener\" href=\"http:\/\/www.svetur.se\/sv\/roslagen\/\" target=\"_blank\"><\/a><\/p><\/div>\n<\/div><\/div><\/div>\n<\/div><\/div>\n","protected":false},"excerpt":{"rendered":"<p>Sponsorer Vi vill ge ett stort tack till alla v\u00e5ra sponsorer och samarbetspartners f\u00f6r all hj\u00e4lp! Saknar du dig\/er p\u00e5 listan nedanf\u00f6r? Skicka d\u00e5 ett mail till oss s\u00e5 ska vi l\u00f6sa det, adressen ser du h\u00e4r under:info(at)teaterrut.se OBS! N\u00e4r du skickar ditt mail till oss s\u00e5 skriver du e-postadressen med ett vanligt @ ist\u00e4llet [&hellip;]<\/p>\n","protected":false},"author":4,"featured_media":0,"parent":0,"menu_order":8,"comment_status":"closed","ping_status":"closed","template":"","meta":{"_uag_custom_page_level_css":"","footnotes":""},"blocksy_meta":{"styles_descriptor":{"styles":{"desktop":"","tablet":"","mobile":""},"google_fonts":[],"version":5}},"featured_image_urls":{"full":"","thumbnail":"","medium":"","medium_large":"","large":"","1536x1536":"","2048x2048":""},"post_excerpt_stackable":"<p>Sponsorer Vi vill ge ett stort tack till alla v\u00e5ra sponsorer och samarbetspartners f\u00f6r all hj\u00e4lp! Saknar du dig\/er p\u00e5 listan nedanf\u00f6r? Skicka d\u00e5 ett mail till oss s\u00e5 ska vi l\u00f6sa det, adressen ser du h\u00e4r under:info(at)teaterrut.se OBS! N\u00e4r du skickar ditt mail till oss s\u00e5 skriver du e-postadressen med ett vanligt @ ist\u00e4llet f\u00f6r (at) som det st\u00e5r ovanf\u00f6r. Vi har skrivit e-postadressen med (at) f\u00f6r att vi ska undvika att f\u00e5 SPAM. Tack till: ICA Supermarket Rimbo ATR, Amat\u00f6rteaterns Riksf\u00f6rbund Norrt\u00e4lje Kommun, Kultur &amp; Fritidsf\u00f6rvaltningen Viby Friskola E60 Elkonsult Lions Club Rimbo Kultursparken ABF Norrt\u00e4lje Roslagens Sparbanks&hellip;<\/p>\n","category_list":"","author_info":{"name":"Hamlet","url":"https:\/\/teaterrut.se\/?author=4"},"comments_num":"0 comments","uagb_featured_image_src":{"full":false,"thumbnail":false,"medium":false,"medium_large":false,"large":false,"1536x1536":false,"2048x2048":false},"uagb_author_info":{"display_name":"Hamlet","author_link":"https:\/\/teaterrut.se\/?author=4"},"uagb_comment_info":0,"uagb_excerpt":"Sponsorer Vi vill ge ett stort tack till alla v\u00e5ra sponsorer och samarbetspartners f\u00f6r all hj\u00e4lp! Saknar du dig\/er p\u00e5 listan nedanf\u00f6r? Skicka d\u00e5 ett mail till oss s\u00e5 ska vi l\u00f6sa det, adressen ser du h\u00e4r under:info(at)teaterrut.se OBS! N\u00e4r du skickar ditt mail till oss s\u00e5 skriver du e-postadressen med ett vanligt @ ist\u00e4llet&hellip;","_links":{"self":[{"href":"https:\/\/teaterrut.se\/index.php?rest_route=\/wp\/v2\/pages\/20"}],"collection":[{"href":"https:\/\/teaterrut.se\/index.php?rest_route=\/wp\/v2\/pages"}],"about":[{"href":"https:\/\/teaterrut.se\/index.php?rest_route=\/wp\/v2\/types\/page"}],"author":[{"embeddable":true,"href":"https:\/\/teaterrut.se\/index.php?rest_route=\/wp\/v2\/users\/4"}],"replies":[{"embeddable":true,"href":"https:\/\/teaterrut.se\/index.php?rest_route=%2Fwp%2Fv2%2Fcomments&post=20"}],"version-history":[{"count":2,"href":"https:\/\/teaterrut.se\/index.php?rest_route=\/wp\/v2\/pages\/20\/revisions"}],"predecessor-version":[{"id":1536,"href":"https:\/\/teaterrut.se\/index.php?rest_route=\/wp\/v2\/pages\/20\/revisions\/1536"}],"wp:attachment":[{"href":"https:\/\/teaterrut.se\/index.php?rest_route=%2Fwp%2Fv2%2Fmedia&parent=20"}],"curies":[{"name":"wp","href":"https:\/\/api.w.org\/{rel}","templated":true}]}}